 are the prime factors of y?
2, 7
Suppose r - 4*c = 2, -4*r + 5*c - 5 = -24. What are the prime factors of (-1300)/(-18) - r/27?
2, 3
Suppose 0 = -3*x + o - 95 - 30, -o = -2*x - 83. Suppose 2*b = 4*c + 138, -5*b + b + c + 255 = 0. Let y = x + b. List the prime factors of y.
3, 7
What are the prime factors of (10/(-25))/(-1)*(-17035)/(-2)?
3407
Let x(l) = -l**2 - 2*l + 4. Let g be x(2). Let y(n) = 2*n**2 + 19. What are the prime factors of y(g)?
3, 17
Let v(i) be the third derivative of i**5/12 - 7*i**4/24 - i**3/3 + 17*i**2. List the prime factors of v(4).
2, 5
Suppose -2*b + 15 + 79 = -j, 0 = 2*b + 2*j - 94. Suppose -b = -3*a + 193. What are the prime factors of a?
2, 5
Let w be ((-3)/(-2))/(27/(-90)). List the prime factors of (-2)/10 + (-416)/w.
83
Let m(c) = c**3 + c**2 + 7*c - 2. What are the prime factors of m(4)?
2, 53
Let c(t) = -2*t - 20. Let b be c(-12). Suppose x = b*x - 159. List the prime factors of x.
53
Suppose -18*y = -8814 - 2184. List the prime factors of y.
13, 47
Let s be (3 - 151)/((2 - 0) + -3). Suppose s = 4*t + h, 2*h = -3*t + 2*t + 44. List the prime factors of t.
2, 3
Suppose 21*s - 24*s = -4389. What are the prime factors of s?
7, 11, 19
Let s(u) = u**2 - 15*u + 29. Let r = -31 - -44. List the prime factors of s(r).
3
Let x(s) = 442*s - 500. List the prime factors of x(3).
2, 7, 59
Suppose 2*s + 3*s = 5*j - 1740, -j + 351 = -2*s. What are the prime factors of j?
3, 5, 23
Let s(o) = 13*o + 1. Let j(z) = -z**2 - 3*z - 2. Let t be j(-2). Suppose t*r - 5*y + 16 = -3*r, -y = -r - 2. What are the prime factors of s(r)?
2, 5
Let z be 13 + 1/(1/2). Suppose -z = -2*n - 3*n. Suppose 2*l = n*l - 7. List the prime factors of l.
7
Suppose 4*k - 2*b = 16, 5*b - 9 = 2*k - 1. Suppose -k*a + a = -3*v + 28, 0 = -4*a - 4*v - 16. What are the prime factors of a/(-15) - (-88)/6?
3, 5
Let l(b) = -2*b**2 - 4*b + 1227. List the prime factors of l(0).
3, 409
Let m = -490 - -2105. What are the prime factors of m?
5, 17, 19
Let o(v) = -9*v - 37. Let y(n) = 4*n + 19. Let h(r) = 3*o(r) + 7*y(r). Let a be h(-16). Suppose -a*q = 28 - 178. What are the prime factors of q?
5
Let g(p) = 8*p - 4. Let z(x) = 1. Let f(o) = -g(o) - 2*z(o). What are the prime factors of f(-6)?
2, 5
Let p be ((-12)/10)/((-12)/1160). Let m = p + -18. List the prime factors of m.
2, 7
Let i = -3442 + 5972. List the prime factors of i.
2, 5, 11, 23
Let x(c) be the second derivative of -c**5/20 + 7*c**4/12 - 5*c**3/6 - 7*c**2/2 + 5*c. Let a be x(6). List the prime factors of 0 + (a - 0 - -29).
2, 7
List the prime factors of (-92)/(-5)*((-57)/(-6) + -7).
2, 23
Suppose -3*b - 12501 = -0*v - 3*v, 0 = 4*b + 20. List the prime factors of v.
2, 2081
List the prime factors of ((1092/(-1))/(-2))/2.
3, 7, 13
Let z(q) = 205*q**3 + 3*q**2 + q - 3. List the prime factors of z(1).
2, 103
Let a(k) = -75*k + 2. Let o(u) = -151*u + 5. Let i(h) = 7*a(h) - 3*o(h). List the prime factors of i(-1).
71
Suppose 5*d - 3972 + 592 = 0. What are the prime factors of d?
2, 13
Let d = -28 + 14. Let l = -11 - d. Suppose 2*g + 2*h - 43 = -l*g, 4*h - 16 = 0. What are the prime factors of g?
7
Let u(q) = 6*q**2 - 32*q - 28. List the prime factors of u(15).
2, 421
Let d = 11 + 4. Suppose 4*x - 9 = 2*g - g, -5*x = -d. Suppose 0 = 6*v - g*v - 96. What are the prime factors of v?
2
Let w = 11 - 9. Let i(o) = w*o**2 - 5*o**2 + 6*o**2 + 2*o**2. List the prime factors of i(2).
2, 5
Suppose -24*d + 28*d - 964 = 0. What are the prime factors of d?
241
Let f be (-76)/(-95) + (-14)/5. What are the prime factors of (-4)/(-2) + (-360)/f?
2, 7, 13
What are the prime factors of (-276)/(-3)*(-3)/4*-1?
3, 23
List the prime factors of (-8 - (-399)/(-9))*-18.
2, 3, 157
Suppose -30*h - 6944 = -4*z - 35*h, -5*z - 3*h = -8693. What are the prime factors of z?
1741
Let g = -49 + 49. Suppose g*t + 4*w + 266 = 2*t, 4*t - 568 = -w. What are the prime factors of t?
3, 47
Suppose 4*i = u + i, 4*i = -3*u + 13. Suppose u*x = x - 5*h + 137, 2*x + h = 149. What are the prime factors of x?
2, 19
Suppose 5*l + 2*p + 210 - 835 = 0, -595 = -5*l + 4*p. Let y = l + -61. List the prime factors of y.
2, 31
Suppose -10 = d - 12. Suppose -l = 3*z + 25, -d*l + 3*l = z + 7. What are the prime factors of (228/z)/(1/(-2))?
3, 19
Suppose -2*r = 3*j - 127 - 977, 0 = -3*r + j + 1678. What are the prime factors of r?
2, 3, 31
Suppose -5*a - 58 - 12 = 0. Let d be (-3)/2*a/21. Suppose -d + 36 = 5*i. What are the prime factors of i?
7
Let n(v) = -15*v**2 + v - 2. Let w(i) = -i - 11. Let s be w(-9). Let u be n(s). Let d = u + 113. What are the prime factors of d?
7
Let b = -266 + -82. List the prime factors of (b/(-30))/(2/10).
2, 29
Let o = -2 - -5. Suppose 2*u = w + 112, 4*w = -o*u - w + 142. Suppose 0*l - 5*l - 27 = -q, 2*q + 2*l = u. List the prime factors of q.
3
Let g = -35 - -67. Let k = g + 58. What are the prime factors of k?
2, 3, 5
Suppose -3*s + s + 46 = 0. Suppose 3*g - 19 - s = 0. Suppose t = -4*h + 53, 3*h - t - 52 = -g. List the prime factors of h.
13
Let l(h) = 0 - 4 - 4*h + 26 + 5*h. List the prime factors of l(10).
2
Suppose -37*z + 31*z = -3480. What are the prime factors of z?
2, 5, 29
List the prime factors of 3/30*-4 - (-607)/5.
11
Suppose 2148 = i - 3*b, 5*i + 5*b - 8*b = 10680. List the prime factors of i.
3, 79
Let y(h) = 26*h - 172. List the prime factors of y(20).
2, 3, 29
Suppose 2*a - 5*v + 7*v - 448 = 0, -4*v - 4 = 0. Suppose 0 = -5*x + 8*x - a. List the prime factors of x.
3, 5
Let o = 19 - 15. Suppose 0*a + 2*l = o*a - 8, -4*a + l + 12 = 0. Suppose -2*k + c + 24 = -c, 0 = c + a. What are the prime factors of k?
2
Suppose -32*a + 54081 = -5*a. What are the prime factors of a?
2003
Let r(w) = -129*w - 1. Let t be r(-3). Suppose 36*q - 38*q + t = 0. List the prime factors of q.
193
Let g = -119 - -97. List the prime factors of (-66)/g - -1*(20 + 2).
5
Suppose -4*l + 492 = -4*n, -2*l + 245 = 6*n - 9*n. Suppose 2*b = 6*b - l. List the prime factors of b.
31
Let r(t) = -24*t**2 - 2*t + 2. Let u be r(2). Suppose 0 = 3*n - 154 - 314. Let j = n + u. List the prime factors of j.
2, 29
Let l be -2 + 1 + 3 + 1. Suppose l*c = -5*f + 348, 8 = -0*c - 2*c. What are the prime factors of f?
2, 3
Let b(m) = -m**3 + 7*m**2 + 9*m - 6. Let v be b(8). Suppose -10 - 2 = -4*c. Suppose c*y - 80 = -v*y. List the prime factors of y.
2
List the prime factors of (-848 - 2)/(-2) + 5.
2, 5, 43
Suppose -12*k - 20*k + 61760 = 0. List the prime factors of k.
2, 5, 193
Suppose 0 = -2*j + 3*w + 885, -3*j + 792 = 4*w - 578. Suppose 0*c + 6*c - j = 0. List the prime factors of c.
3, 5
Let y be (1 - 0) + 9291/19. Suppose -5*b + 2*b - 717 = -3*q, -2*q - 4*b = -y. List the prime factors of q.
241
Suppose -4*t + 2*f + 3374 = 4*f, -2*t = -5*f - 1669. What are the prime factors of t?
2, 421
Let v be 2*(-6)/4 + 3. Let p be (v + 0)/(0 - 1). Suppose p = 2*i + 2*y - 62, 0*i + 70 = 2*i + 4*y. What are the prime factors of i?
3
Suppose 0 = 5*d - 10*d. Suppose d = l + l + 10. Let i(u) = -11*u - 2. What are the prime factors of i(l)?
53
Suppose 25 = -5*o - 35. Let v = -9 - o. Suppose -11 = -2*f - v. List the prime factors of f.
2
Suppose 0 = 2*o - 0*b - 4*b + 4, 2*o = 3*b - 2. Suppose -5*q - 219 = -4*m, 0*q = 4*q - o*m + 174. Let g = q - -78. What are the prime factors of g?
5, 7
Suppose p + 13 = -4*s, -7 - 1 = s + 5*p. What are the prime factors of (-378 - 10)*s/6?
2, 97
Suppose -3*a = -5*w - 12, 2*a = -8*w + 4*w + 8. Suppose 3*k + 12 = -w*k. List the prime factors of 33/(-22) + (-66)/k.
3, 5
Let q(a) = 13*a**2 + 33*a - 221. List the prime factors of q(6).
5, 89
What are the prime factors of ((-720)/(-450))/((-2)/(-1630))?
2, 163
Suppose 0 = -15*d + 3159 + 1641. List the prime factors of d.
2, 5
Suppose -p = z + 1, 0*p + 3 = 3*z - 3*p. Suppose 4*j + z*j = -3*m + 469, 3*j = 4*m - 617. What are the prime factors of m?
5, 31
Let a be -4071*1/(-6) - 1/2. Suppose -5*q + 2*j + a = 0, j + 540 = 3*q + q. List the prime factors of q.
2, 67
Let u be 3/(-2) + 18/4. Let q(t) = t**3 + 8*t**2 - 10*t + 4. Let v be q(-9). Suppose -v = -u*y + 44. What are the prime factors of y?
19
Suppose 42 = -4*i + 118. Let q = 22 - i. Suppose r + 74 = q*u, 0 = -4*u + u + 4*r + 80. What are the prime factors of u?
2, 3
Suppose 4725 = 3*o + 10*h - 7*h, -5*o + 3*h = -7835. What are the prime factors of o?
2